et l(m) = -m - 5 + 0*m - m. Let z be (-8)/(-216) + 360/3402 - 72/14. Calculate l(z).
5
Let o be 24/(-30)*((-138)/12 - -4). Let k(c) = -82*c + 478. Determine k(o).
-14
Let t(j) = j**2 + 17*j - 56. Suppose 56*d = 169 - 1. Calculate t(d).
4
Let p = 65 + -61. Suppose 9*j + 3*i = 7*j + 7, -40 = 5*j - p*i. Let m(s) = s**3 + 4*s**2 + s - 4. Determine m(j).
-8
Let z(f) = -9*f**2 + 35*f + 112. Let u(b) = -14*b**2 + 73*b + 228. Let x(p) = -3*u(p) + 5*z(p). Calculate x(-3).
-19
Let t(q) = -2*q**3 + 3*q**2 + 5*q - 4. Suppose 0 = -3*d - 3, 5*u - 8*u = 2*d - 7. Calculate t(u).
-16
Let j(v) be the second derivative of 0 - 2*v**2 + 1/3*v**3 + 90*v. What is j(6)?
8
Suppose -60*p + 65*p = 130. Suppose -19*q - p - 12 = 0. Let s(r) = r**3 - 2. What is s(q)?
-10
Let p(v) = -2*v**3 + 4*v**2 - 3*v + 4. Let n(w) = 5*w**3 - 10*w**2 + 8*w - 11. Let a be 1209/(-156) + 1/(-4). Let c(m) = a*p(m) - 3*n(m). Give c(-2).
-15
Let o = 172 + -166. Let i(d) = -o - 7*d + d**2 + 0 + 4. Determine i(8).
6
Let q(j) = j**2 - 16*j. Suppose -924*d = -925*d + 2*l + 16, 4*d - 5*l = 64. What is q(d)?
0
Let y(u) = u**2 - 4*u. Let q be 472/10 + (-3)/15. Let r(i) = 4*i - 201. Let b be r(39). Let h = b + q. Give y(h).
-4
Let d = -4133 - -4144. Let h(p) = -p + 3. Determine h(d).
-8
Let u(r) = 2*r**3 + 17*r**2 - 12*r - 35. Let i be u(-9). Let y(v) = 8*v**2 + 2*v + v**3 - v + v - 4*v - 11. Determine y(i).
5
Let r(f) = 77*f + 1467. Let t be r(-19). Let q(o) be the third derivative of -o**5/60 + o**4/4 - o**3/2 + 6*o**2. What is q(t)?
5
Let t(i) be the second derivative of i**4/2 + 13*i**3/6 + 23*i**2/2 - 7*i + 89. Calculate t(-2).
21
Let g(m) = m**2 - 8*m + 6. Suppose -4*i + 2*i - 2*f = 0, -2 = -2*i - 4*f. Let n be (46 + i/1)*14/(-21). Let s be (-252)/n + (-6)/15. What is g(s)?
6
Let c(g) = -13*g - 49. Let d(j) = -20*j - 97. Let u(t) = 7*c(t) - 4*d(t). Calculate u(4).
1
Let a(b) = -32*b**2 + 15*b**2 + 11*b + 0*b + 18*b**2. Let p be a(-11). Suppose 30 = -6*i - p*i. Let t(u) = -u**2 - 5*u + 5. Calculate t(i).
5
Let d(i) = 2*i**3 + 6*i**2 + i - 1. Let z(a) = 2*a**3 + 5*a**2 + a - 1. Let g(c) = 4*d(c) - 5*z(c). Let u be -2 + 12 + -10 + (26/(-2) - -14). What is g(u)?
-3
Suppose -288*l + 293*l = -35. Let b(a) = -a**3 - 6*a**2 + 6*a - 13. What is b(l)?
-6
Let b be (-4)/(-10) + 106/10. Let s(c) = -7*c**2 + 4*c + 13. Let a(y) = -6*y**2 + 5*y + 13. Let g(i) = 6*a(i) - 5*s(i). Determine g(b).
2
Let l = 1432 - 1469. Let r(i) = -i**3 - 38*i**2 - 37*i - 8. Give r(l).
-8
Let u(l) = l**3 + 9*l**2 - 3*l**2 + 2*l + 0*l. Let y = 1817 - 1817. Suppose -4*h = -2*s + 12, 4*s + y*h + 11 = h. Determine u(s).
24
Let u(h) be the second derivative of -h**4/6 + 7*h**3/3 + 6*h**2 + 3968*h. Calculate u(4).
36
Let s be 23/92 + (-493)/4. Let x = s + 130. Let t(d) = -d**3 + 8*d**2 - 7*d - 9. Calculate t(x).
-9
Let x(t) = -27*t + 14. Let p(u) = -3*u**2 + 195*u - 1214. Let d be p(58). Give x(d).
-94
Suppose -29*p + 0*p = -44*p - 405. Let a(w) = 2*w**2 + 50*w - 110. Give a(p).
-2
Let a(f) = -2*f**2 - 11*f - 6. Let j be a(-4). Let t(i) be the third derivative of i**5/60 - i**4/4 + 2*i**3/3 - 19*i**2. Calculate t(j).
4
Let d be 3*(-8)/(-60)*10. Suppose -5*n + 3*z + 35 = 0, -5*z - 93 = -d*n - 52. Let i(j) = -8*j + 6. Give i(n).
-26
Let u be (14/(-4))/((-3)/6) + 3. Let l be 4/(-4) - -2 - u. Let v(i) = -i**2 - 10*i + 1. Determine v(l).
10
Let p(j) = j**2 + 4*j - 3. Let i = -323 - -326. Suppose -11*x + 6 = -13*x, -i*z + 5*x + 3 = 0. Determine p(z).
-3
Let z = -615 - -642. Let p(t) = 6*t - 163. Give p(z).
-1
Let o(a) = 3*a**3 - 13*a**2 + a + 17. Let d be (-24)/84 - 99/21. Let n(y) = 2*y**3 - 7*y**2 + 9. Let v(c) = d*n(c) + 3*o(c). Calculate v(-4).
-6
Let t(k) = k**2 - 6*k + 3. Suppose 5*g = -g - 180. Let v = -66 + 39. Let l = v - g. Give t(l).
-6
Suppose -41 = 4*q - 2*b + 1, -3*q - b = 14. Let h(j) = -j**3 - 5*j**2 + 8*j - 15. Calculate h(q).
27
Let x = 45 - 39. Suppose -k = w, 5*k + 12 = x*w - 8*w. Let i(o) = o + 2. Give i(k).
-2
Let m(p) = -p + 9. Let x = 5 + 0. Let j be (17/x - 3) + 1065/25. Let d = j - 39. Give m(d).
5
Suppose 1830 + 742 = 4*q + 4*c, q - 631 = 5*c. Let r(p) = -10 - p**3 + 316*p + 12*p**2 + 326*p - q*p + 1. What is r(12)?
3
Suppose 2*v - d + 9 = 0, 4*v + 39 = -41*d + 36*d. Let j(p) be the third derivative of p**6/120 + 7*p**5/60 + 5*p**4/24 - 3*p**3/2 + 19*p**2. Calculate j(v).
-3
Let j(m) = 29*m**2 + 26*m**2 + 2150*m**3 + 48 - 55*m - 2147*m**3 - 3. Let r(d) = 2*d**3 + 37*d**2 - 37*d + 30. Let n(p) = 5*j(p) - 7*r(p). Calculate n(-17).
-2
Let v be (7/14)/((2/4)/(-78 - -73)). Let b(k) be the second derivative of k**4/12 + 5*k**3/6 + k**2 + 2*k. What is b(v)?
2
Let f(g) be the first derivative of -1/8*g**4 + 0*g + 1/60*g**5 + 8*g**3 - 23 + 0*g**2. Let r(j) be the third derivative of f(j). Give r(5).
7
Let y(f) be the second derivative of f**3/3 - 35*f**2/2 + 36*f. Let c be y(14). Let l(s) = s**3 + 6*s**2 - 6*s + 5. Calculate l(c).
-2
Let g(m) = 7*m**2 + 6*m + 5. Let z be g(-2). Suppose -33 = -12*l - z. Let c(p) = -3*p**2 - 1. Give c(l).
-4
Let m(y) = -11*y - 5 - y**3 + 306*y**2 + 27*y - 17*y - 297*y**2. Calculate m(9).
-14
Let a be 5 - 1 - 16/(0 + 4). Suppose 2*r + 8*r + 70 = a. Let w(b) = 3*b**2 - b**2 - b**2 + 6*b. Give w(r).
7
Let u(n) = 20441*n**2 + 9*n - 40889*n**2 + 24 + 20441*n**2 - n**3. What is u(-8)?
16
Let y(i) = -i**3 - 10*i**2 - i - 10. Let r be (21/(-1))/(((-102)/4)/17). Suppose -9*h = 104 - r. What is y(h)?
0
Let q(i) = -3*i + 1. Let j(k) = k - 1. Let b(s) = -2*j(s) - q(s). Let g be (-4)/10 - (-36)/(-60). Let p(a) = 6*a - 5. Let z(h) = g*p(h) + 5*b(h). Give z(9).
1
Let j(h) = h**3 + 17*h**2 + 19*h + 32. Let s be 1250/(-80) + 7/((-112)/(-6))*-1. Calculate j(s).
-16
Let g(l) = -l**2 + 20*l - 34. Let k be g(18). Suppose -4*t + 74 + 5 = 5*n, k*t - 2*n = 26. Let a(j) = -j**2 + 16*j - 6. What is a(t)?
-6
Let n be 1/1*0 + 3. Let k(y) = -9*y**3 - 16*y**3 - y**2 + 17*y**n + 1. Let b be -2 + 2/((-2)/(-3)). Give k(b).
-8
Let o(u) = 21*u**2 + u**3 - 166 - 21*u + 14*u**2 + 9*u**2 + 12*u**2 - 82*u**2. Calculate o(27).
-4
Let m be (-80 + 79)/(1/7). Let z(y) = y**3 + 9*y**2 + 17*y + 6. Give z(m).
-15
Suppose l + 3*l = 0. Let f = -3 + l. Let p(y) = 8*y**3 - y**2 - 36*y + 6. Let h(m) = -5*m**3 + 2*m**2 + 24*m - 5. Let o(q) = -3*h(q) - 2*p(q). Calculate o(f).
-6
Suppose -c - 5*z = -21, 30 = -5*c + z + z. Let x be (-93)/9 - c/(-18)*-6. Let q(l) = 3*l - 4. Calculate q(x).
-31
Let c(w) = 2*w**3 - 3*w - 8. Let k(p) = p**2 - 46*p - 196. Let g be k(-4). Calculate c(g).
108
Suppose -4*q + 121 = 73. Let o be (-1 + (-5)/(-3))*(q - -30). Let i = -31 + o. Let y(g) = -g**2 - g + 2. Determine y(i).
-4
Let n(f) = -f**2 + 20*f - 64. Let k(h) = 4*h**2 - 267*h - 534. Let w be k(-2). Give n(w).
0
Let i(p) = -2*p**3 + 4*p**2 + p - 3. Let m(z) = -2*z**2 + 5*z + 13. Let y be m(4). Let r(j) = j**3 - j**2 + 1. Let a(d) = y*i(d) + 4*r(d). What is a(-1)?
-2
Let k(s) be the first derivative of -2*s**3/3 - 2*s**2 - s + 1. Suppose -48 = -4*l, 19*y + 4*l - 36 = 16*y. Determine k(y).
-17
Let w(j) = -55*j**3 - 2*j**2 + 6*j + 7. Let z be w(-1). Let u(o) = -z*o**2 + 39*o**2 + 31 + 16*o + 16*o**2. Calculate u(-14).
3
Suppose -a - 2*a + 3*s + 249 = 0, 4*s + 68 = a. Let r be (a/(-33))/((-4)/6). Let n(k) = -k + 4. Let y(w) = 1. Let c(v) = n(v) - 3*y(v). What is c(r)?
-3
Let x = 88 + -73. Suppose -a + 4*a = 3*n + x, -29 = 4*n + 5*a. Let j(y) = 3*y. Calculate j(n).
-18
Let m(a) = -99*a**2 - a + 0*a - 90*a**2 + 195*a**2 - a**3 - 7. Calculate m(5).
13
Let q(r) = -3*r**2 + 43*r - 43. Let d be 90/(-1485) - 2155/(-165). Give q(d).
9
Let c(b) = -b**2 - 2*b - 4. Suppose 0 = 33*h + 216 - 84. Calculate c(h).
-12
Let v(o) = 17*o**3 + 7*o**2 + 2*o - 73. Let f(k) = -2*k**3 + k**2 + 2*k + 7. Let m(h) = 9*f(h) + v(h). Calculate m(17).
41
Let u(o) = 199*o + 1203. Let g be u(-6). Let w(l) = -l**2 + 4*l + 27. Determine w(g).
-18
Let j(c) = -7*c**3 + 1 + 4 + 3*c**3 + 3*c - 9*c**2. Let z(v) = 4 + 3578*v - 8*v**2 - 3575*v - 119*v**3 + 116*v**3. Let t(p) = -4*j(p) + 5*z(p). Calculate t(2).
-2
Let c(t) = -2*t + 14. Let k be c(2). Let l(s) = -9 - 4 + 12 + k*s. Let q = -5 - -4. What is l(q)?
-11
Let w(s) = -9*s + 42. Let a = -3072 - -3077. What is w(a)?
-3
Suppose y + 3*f = 2*f + 6, -4*f = -12. Let r(n) = -n**2 + y - 3 + 3*n - 18*n. What is r(-14)?
14
Let x(c) = -c**2 - 7*c - 13. Let n